lse
Does 19 divide 89269049?
True
Is 3081656762 a multiple of 660?
False
Is 3360748396 a multiple of 45?
False
Is 1706940 a multiple of 108?
True
Is 25 a factor of 76409263?
False
Is 267353604 a multiple of 28?
True
Is 54517442 a multiple of 7?
True
Is 37 a factor of 7437872?
False
Is 528 a factor of 3452724?
False
Is 2278478760 a multiple of 13?
False
Is 9834605 a multiple of 20?
False
Is 850083069 a multiple of 1303?
False
Is 11 a factor of 26452313?
False
Does 4772 divide 1716740155?
False
Is 35507863 a multiple of 96?
False
Is 164010945 a multiple of 15?
True
Is 9 a factor of 360530460?
True
Is 142228757 a multiple of 12?
False
Is 1956460 a multiple of 52?
False
Is 200 a factor of 842219439?
False
Does 576 divide 371153712?
False
Is 30 a factor of 27108918?
False
Does 5 divide 884101331?
False
Does 60 divide 152706060?
True
Is 558907438 a multiple of 241?
True
Is 2714425 a multiple of 25?
True
Does 26 divide 3593126394?
True
Is 16318547 a multiple of 34?
False
Does 20 divide 107497842?
False
Is 3 a factor of 187346612?
False
Is 49984545 a multiple of 29?
True
Does 24 divide 187246064?
False
Is 138743963 a multiple of 78?
False
Is 70543095 a multiple of 1659?
False
Does 91 divide 263465781?
False
Is 1275 a factor of 10724318?
False
Does 10 divide 396948895?
False
Is 490202752 a multiple of 221?
True
Is 60 a factor of 739467475?
False
Is 681 a factor of 76887509?
False
Is 3 a factor of 16473480?
True
Is 1126 a factor of 375553625?
False
Is 64292542 a multiple of 1697?
True
Is 2 a factor of 4993435?
False
Is 1071 a factor of 1548590606?
False
Does 159 divide 23037318?
False
Is 32847649 a multiple of 243?
False
Does 778 divide 3920457?
False
Is 49207783 a multiple of 152?
False
Does 158 divide 389281190?
True
Does 883 divide 306959149?
False
Does 483 divide 25283690?
False
Does 361 divide 247404130?
True
Is 4934661582 a multiple of 14405?
False
Is 1546102523 a multiple of 7?
True
Is 2206 a factor of 3581305?
False
Is 2823227 a multiple of 32?
False
Is 72 a factor of 46861412?
False
Is 4537 a factor of 3353886510?
True
Is 275000357 a multiple of 124?
False
Does 94 divide 155990368?
True
Is 170480003 a multiple of 1616?
False
Is 8 a factor of 1180817?
False
Does 224 divide 75020064?
True
Is 49446582 a multiple of 7?
False
Is 143778744 a multiple of 4?
True
Is 10 a factor of 4090688560?
True
Does 1143 divide 47919132?
True
Is 56 a factor of 1877120?
True
Is 19066580 a multiple of 23?
False
Is 1098 a factor of 631693674?
True
Does 277 divide 1006767580?
True
Is 61062400 a multiple of 128?
True
Does 72 divide 6043187160?
True
Does 152 divide 86771784?
True
Is 8 a factor of 23784424?
True
Does 3 divide 467707915?
False
Does 12 divide 1586046960?
True
Does 5 divide 3207487?
False
Does 351 divide 136826820?
True
Does 47 divide 788519470?
True
Does 1712 divide 264343072?
True
Is 738735770 a multiple of 553?
False
Is 4659457 a multiple of 3?
False
Is 86061906 a multiple of 3126?
True
Is 5989 a factor of 2376063059?
False
Is 102 a factor of 62912786?
False
Is 98302902 a multiple of 7?
False
Is 36 a factor of 9042379?
False
Does 77 divide 1486309558?
False
Does 93 divide 3365856?
True
Is 36 a factor of 135768852?
True
Is 608192 a multiple of 136?
True
Does 128 divide 8108800?
True
Does 278 divide 42145912?
True
Is 593919724 a multiple of 2950?
False
Is 29143908 a multiple of 54?
True
Is 115143380 a multiple of 22?
True
Is 1958 a factor of 63276966?
False
Is 292348383 a multiple of 589?
True
Is 170892052 a multiple of 10?
False
Is 4385 a factor of 343148175?
True
Is 364 a factor of 4797156?
True
Does 13 divide 878283718?
True
Is 1097 a factor of 45621843?
False
Does 1369 divide 1598023847?
False
Is 156 a factor of 173269979?
False
Does 1293 divide 3173470923?
False
Is 674431294 a multiple of 94?
True
Is 25625880 a multiple of 630?
True
Does 443 divide 16847839?
False
Does 13 divide 4671511?
True
Is 22 a factor of 2738766844?
True
Is 1116007468 a multiple of 1129?
True
Does 1779 divide 19631265?
True
Is 33 a factor of 4899873?
True
Is 75504560 a multiple of 17?
False
Is 49 a factor of 716325937?
False
Does 496 divide 1016562416?
True
Does 15 divide 2637153315?
True
Does 49 divide 17196060?
True
Does 38 divide 1051031958?
False
Is 601651302 a multiple of 17?
False
Does 55 divide 4833510?
True
Is 12140841 a multiple of 3?
True
Is 144 a factor of 602860752?
True
Is 114966886 a multiple of 34?
True
Does 26 divide 227539364?
True
Is 699 a factor of 196188659?
False
Is 15 a factor of 8089140?
True
Does 2873 divide 377176059?
True
Is 75533227 a multiple of 215?
False
Is 211986496 a multiple of 8?
True
Is 350 a factor of 658812350?
True
Is 294 a factor of 355171229?
False
Does 6 divide 8304682?
False
Is 48 a factor of 29377223?
False
Does 2321 divide 5229417248?
True
Does 32 divide 271582020?
False
Is 391 a factor of 35132776?
False
Is 38 a factor of 6964746058?
True
Does 1890 divide 998058257?
False
Is 48585100 a multiple of 412?
True
Is 5 a factor of 22771645?
True
Does 12 divide 69049861?
False
Does 30 divide 1154599385?
False
Is 207 a factor of 136050336?
True
Does 14 divide 38528826?
True
Is 256734324 a multiple of 42?
True
Does 340 divide 83385000?
True
Is 427026202 a multiple of 166?
True
Is 6138801 a multiple of 6?
False
Is 41 a factor of 55725683?
True
Does 8461 divide 1305154057?
False
Does 240 divide 1069920?
True
Is 3567 a factor of 2685060757?
False
Does 193 divide 1119979?
True
Is 48028747 a multiple of 124?
False
Is 123829940 a multiple of 692?
True
Is 133 a factor of 2527551?
False
Does 717 divide 26630777?
False
Is 854828415 a multiple of 721?
True
Is 100268051 a multiple of 377?
True
Does 404 divide 31233989?
False
Does 70 divide 1356940514?
False
Is 29 a factor of 218076913?
False
Is 274 a factor of 471262447?
False
Does 90 divide 15173280?
True
Is 17 a factor of 896784?
True
Is 3 a factor of 508799094?
True
Does 30 divide 58095750?
True
Is 33 a factor of 31735860?
False
Is 63515099 a multiple of 1390?
False
Is 2 a factor of 4233781?
False
Is 921 a factor of 15409688?
False
Does 155 divide 2252335753?
False
Does 69 divide 642143739?
True
Is 1151 a factor of 22779441?
True
Is 968 a factor of 21313232?
False
Is 124992842 a multiple of 377?
True
Is 60 a factor of 83971440?
True
Is 4367 a factor of 1292391451?
False
Is 1297462188 a multiple of 1726?
False
Is 4073756658 a multiple of 1734?
False
Is 1728200 a multiple of 19?
False
Does 11 divide 2484947795?
True
Is 72 a factor of 34034832?
True
Does 337 divide 44976710?
False
Does 12 divide 2611947097?
False
Is 5931 a factor of 1038808617?
False
Is 19 a factor of 58280714?
True
Does 3 divide 26585015?
False
Does 161 divide 44902900?
True
Is 413118150 a multiple of 15?
True
Is 164 a factor of 1579627510?
False
Does 22 divide 484952901?
False
Is 42077016 a multiple of 406?
False
Does 4 divide 114854661?
False
Is 294671420 a multiple of 4?
True
Is 140675199 a multiple of 167?
False
Does 1524 divide 88566448?
False
Is 233195600 a multiple of 2200?
True
Is 409 a factor of 830001598?
False
Does 1483 divide 23501101?
True
Is 100 a factor of 23462544?
False
Is 132526988 a multiple of 1081?
False
Does 6598 divide 744168626?
True
Is 3157 a factor of 215784107?
True
Is 351246798 a multiple of 1278?
True
Does 672 divide 338143008?
True
Does 9 divide 120162940?
False
Is 105 a factor of 92369684?
False
Is 201 a factor of 962846481?
True
Does 461 divide 4663747?
False
Is 156204243 a multiple of 5?
False
Is 2 a factor of 1355289?
False
Is 30 a factor of 32636700?
True
Does 242 divide 192833727?
False
Is 63299484 a multiple of 291?
True
Is 1796 a factor of 464698591?
False
Is 1158136464 a multiple of 16?
True
Is 1736198038 a multiple of 452?
False
Is 566 a factor of 54403415?
False
Does 40 divide 182173280?
True
Does 641 divide 32349347?
True
Is 212 a factor of 499807384?
True
Does 10 divide 4113016?
False
Is 202 a factor of 58900978?
True
Does 17 divide 22025574?
True
Does 191 divide 29425418?
False
Is 29 a factor of 645901770?
False
Does 745 divide 253604705?
True
Is 82359990 a multiple of 5?
True
Is 8 a factor of 39578704?
True
Is 48443393 a multiple of 47?
False
Does 5 divide 517581640?
True
Is 89 a factor of 109259782?
True
Is 9047470 a multiple of 215?
False
Does 929 divide 208207160?
False
Is 224 a factor o